Evaluate (-3 + 7 - 3 - 1) + -3.
-3
What is the value of -2 + 2 + 0 + -5 + 1?
-4
What is the value of 0 + (1 - (-3 + 3)) - 5?
-4
Evaluate -2 - ((-5 - -7) + -6).
2
What is (-3 - (3 - 6)) + 4 + -2?
2
6 - 13 - (3 + 1) - -5
-6
What is the value of -12 + 10 - (1 + -4 + 8)?
-7
(-2 - -2) + 3 - (0 + 7)
-4
Calculate 4 - 13 - (-21 - -7).
5
What is the value of 2 + 0 + 6 + (-6 - 6)?
-4
What is 7 - 13 - (-1 - 8)?
3
Calculate (10 - 5 - -1) + -2.
4
Calculate -6 + (8 - (6 + -8)).
4
What is the value of (2 - (-2 - 0)) + -7?
-3
What is -1 - -1 - (-3 - (-8 + 10))?
5
Calculate 9 + (0 - (-2 + 0 + 6)).
5
What is the value of 48 + -38 - (-1 + 7)?
4
What is 2 + -7 + 7 + -2?
0
-2 - (2 - 1 - (-4 + 7))
0
2 + 0 - (-3 - (-2 + -4))
-1
Calculate 1 + -1 + -3 + 4 - -4.
5
Calculate -4 + (-2 - -4 - (0 - -2)).
-4
What is the value of -9 + 26 - 5 - 4?
8
What is -1 + -3 + 6 + -1 + 2?
3
-13 + 12 - (0 - -1)
-2
What is the value of (3 - 21) + 9 - -5?
-4
Evaluate 3 + 0 + (-10 - -7).
0
What is the value of -2 - (-10 - -4 - (-2 - 1))?
1
8 + 2 + -5 + -2 + -4
-1
What is the value of -4 + 5 - (11 - 3) - -5?
-2
(1 + 5 - 5) + -5
-4
-6 + (-7 + (7 - -1) - 0)
-5
What is the value of 0 - (1 - 2) - 1?
0
3 - (-7 + 1 - -7)
2
What is 2 + -1 + 2 + (6 - 5)?
4
Calculate -5 + 0 + 1 + 13 + -11.
-2
What is the value of -7 - (-9 + 0 + 6)?
-4
Evaluate -5 + (0 + 4 - 2).
-3
What is (-2 - -11 - 5) + -12 + 1?
-7
What is the value of -1 - 3 - -1 - (-6 - -7)?
-4
13 + (-27 - -12) + 9
7
Calculate -9 + 0 + 5 + 8.
4
What is the value of (-1 - -7) + (14 - 17) + 1?
4
Calculate 3 + -6 + (5 - -1) - 8.
-5
Calculate 1 + 0 + (-1 - 1).
-1
Calculate (-6 - -3 - -1) + -1 + 7.
4
Evaluate -6 + (13 - (1 - -5)) - -7.
8
What is 85 + -96 + (-1 - (-6 - -2))?
-8
Calculate (-2 - -1) + (-15 + 28 - 4).
8
Calculate 14 - 8 - (-2 + 4 + -2).
6
What is 2 + -2 + 3 + (-11 - -4)?
-4
What is 1 + 1 + -5 + -28 + 35?
4
-3 + (4 - (6 - (5 - 4)))
-4
What is 2 - -1 - ((22 - 13) + -11)?
5
What is the value of -8 + 2 - (7 + (-9 - -2))?
-6
Calculate 7 - (13 + -5 + 4).
-5
What is -2 + 2 + -5 - -6?
1
-1 + (4 - (-3 - -5)) - 0
1
What is 2 - (-1 - (3 - 5)) - 4?
-3
Calculate -2 - (-14 - -17 - (0 - -7)).
2
Evaluate -1 + -4 + (7 - 3).
-1
What is 4 - -2 - (5 - -2) - -4?
3
What is 5 + -3 + (0 - 1 - 5)?
-4
What is -2 + -4 - (-7 - -1)?
0
-15 - (-5 + (0 - 3))
-7
What is the value of 12 + -10 + (-4 - -1) + -4?
-5
Evaluate -475 + 483 + -2 + -1 + 0.
5
Calculate 7 + (-3 - -1 - 1) + -2.
2
-7 + 4 + -2 + 3 + 0
-2
Calculate (-1 + -1 - (13 + -13)) + 5.
3
(0 - -5) + 1 + -1
5
2 + 7 + (26 - 31)
4
Calculate 0 + (2 - 3) - 3.
-4
3 + 0 + -12 + 5
-4
What is the value of (-1 - -1) + -16 + -581 + 586?
-11
What is the value of 13 + -1 + 23 + -30?
5
What is the value of -1 - -6 - 7 - (-1 - -4)?
-5
-2 + 0 + (-2 - (-1 - 5))
2
Calculate -2 + 4 + 6 + -4.
4
What is -1 - 2 - 8 - -14?
3
What is the value of 2 - 2 - (-34 + 40)?
-6
What is the value of -12 - -6 - -11 - (3 - 4)?
6
Evaluate 3 + (3 - (2 + 5)) - -8.
7
What is (11 - 12) + (4 - (3 - 1))?
1
What is -5 - ((-5 + 1 - 3) + -1)?
3
Calculate (4 - (6 - -1)) + 3.
0
What is the value of 3 + -6 + 6 + 4 + -4?
3
What is the value of -1 - (-4 + 4) - 3?
-4
What is -12 + (13 - (23 - 12))?
-10
Evaluate 8 + 1 + 0 - (-67 - -71).
5
What is the value of -4 + 8 - 2 - (-2 - -7)?
-3
Evaluate (2 - -2) + (-6 - -9).
7
-3 + (-5 - (0 + -6 + -9))
7
Evaluate -8 + 12 + -11 + 9.
2
What is the value of 2 + (3 - 1 - (-6 - -7))?
3
What is 2 + 4 + -7 + 6?
5
What is 12 - (11 + 4 - -5)?
-8
Evaluate -8 - (4 - 15) - (6 + -1).
-2
-8 - -3 - -6 - 6
-5
What is (-8 - (-4 - 0)) + 3?
-1
Calculate -1 + 8 + -59 + 49.
-3
What is the value of 13 + -17 - (-14 - -4)?
6
Evaluate -3 + (5 - -4 - 8).
-2
Evaluate 8 + -9 + (-2 - -13) + -6.
4
Evaluate -6 - ((-15 - -9) + -5).
5
0 + (4 - -1) + 0 - 4
1
Evaluate (20 - 17) + (-6 - -2).
-1
Evaluate 0 - -4 - (32 - 28).
0
(-4 - -4) + -9 - -4
-5
(7 - -1 - 4) + 1 - 0
5
Calculate -1 + (4 - (-12 + 20)).
-5
Calculate (-9 - (-8 + -12)) + 2 + -6.
7
Evaluate 5 - ((2 - 1) + 4 + -3).
3
What is the value of 5 + ((-9 - -4) + 0 - -1)?
1
What is 26 + -27 + (7 - -2)?
8
What is the value of -5 + (2 - (1 + -1 + -2))?
-1
Calculate -9 + (8 - -5 - 5).
-1
Calculate -4 - (-6 + (0 - -4)) - -1.
-1
-1 + (-10 - ((4 - -2) + -10))
-7
Evaluate (1 - 4) + -1 - -4.
0
What is 3 + 1 - (5 + 1 + -7)?
5
What is -10 - (9 - (9 - -10))?
0
What is the value of (-2 - -13 - (-5 - -6)) + -5?
5
Calculate -2 + 3 + (2 - 3) + -2.
-2
What is 0 - (0 - 0) - (4 + -2)?
-2
Evaluate -3 + 1 + (-7 - (-8 - 0)).
-1
What is the value of (2 - 18) + 8 - -4?
-4
16 - (-3 - (-18 - -8))
9
What is 3 + (0 - (-4 + 3))?
4
What is -4 + 1 + 2 - (6 + -5)?
-2
Evaluate -9 - -8 - (-2 - -4).
-3
0 + 1 + -4 + -45 + 54
6
(-8 - 0) + 68 + -60
0
What is (22 - 15 - -8) + -18?
-3
Evaluate -1 + -13 + 3 + 8.
-3
What is (2 - 3) + 5 + 1 + -5?
0
What is the value of 2 + 0 - (3 - 5)?
4
What is -13 + 11 + 1 + 1 + -6?
-6
-10 + (-2 - -10) + 3 + 2
3
Calculate 2 + 1 + (-6 - (4 + -12)).
5
Evaluate -2 + 5 + -16 - -7.
-6
Evaluate (8 - -1) + 2 + (-3 - 3).
5
Evaluate -1 + -3 + 7 + 0.
3
Calculate 0 + -2 - (-5 + 8 - 3).
-2
(6 - 21 - -24) + (1 - 0)
10
Evaluate 2 + -3 - (6 - -1 - 12).
4
What is -7 - (-7 + 4) - -1?
-3
Calculate 1 - (-9 - -3) - 4.
3
What is the value of -17 - (-17 - -10 - 3)?
-7
What is the value of 1 + (4 - (2 - -4) - 4)?
-5
What is the value of 6 - (3 + -3 - (2 + -1))?
7
Evaluate 12 + -17 + (-4 - (-3 + -1)).
-5
Calculate 4 + 0 + (-6 - 1).
-3
What is the value of (3 - 2) + -3 + 3 + 0?
1
What is the value of -9 - (4 + -4) - -17?
8
(-1 - -2 - -3) + (0 - -1)
5
Evaluate 6 + -8 + (6 - 0) + 2.
6
What is -3 - (3 - (2 - -8))?
4
Calculate -65 + 49 + 8 + 1.
-7
What is -4 + (-4 - 0 - -6)?
-2
Evaluate -1 + 0 + -2 + 2.
-1
What is the value of 40 + -51 - (1 + -8)?
-4
Calculate (-7 - -15) + (-2 - 11).
-5
(-2 - 0) + (12 - 6)
4
What is the value of (1 - -2) + (-13 - -5)?
-5
What is 0 + (-2 - -3 - (5 - 0))?
-4
What is 4 + -2 + 5 + -14 + 7?
0
Evaluate (2 - 9) + 5 + -3.
-5
What is the value of 4 - (0 - -4) - (-5 + 3)?
2
3 + (-15 - -12 - (0 - 1))
1
What is the value of -8 + 2 - -1 - -7?
2
What is the value of 0 + 1 + (18 - 24)?
-5
Calculate -7 + 2 + 2 + -1.
-4
What is the value of -3 - (3 + -2) - -1 - -1?
-2
-12 + (4 + 17 - 2)
7
Evaluate (6 - 1) + -1 + 2 - 3.
3
What is 4 - -1 - (0 - -12)?
-7
33 - 32 - (-2 + -1)
4
What is the value of 4 + 4 + -17 - -5?
-4
-1 - ((3 - -3) + -7)
0
What is the value of 4 + -6 + -4 + 7?
1
-4 + 2 + -4 - (-9 - -5)
-2
What is the value of (8 - -3) + -2 + -1 - 11?
-3
Calculate 1 + 3 - (-2 + (-3 - -4)).
5
What is 3 + -7 + 2 - (3 + -2)?
-3
What is the value of -1 + 7 + -9 - 4?
-7
What is the value of -1 + 0 - (-3 + 4)?
-2
Evaluate 1 - -3 - 5 - 1.
-2
-4 + 3 + 2 + -4 + -2
-5
Evaluate -1 + (0 - (-2 - -4)).
-3
What is the value of 16 + 11 + -21 + -10?
-4
What is the value of 0 + -3 - (5 + -2 + -6)?
0
-14 - -8 - (6 + (7 - 21))
2
5 - 18 - -7 - -6
0
What is the value of (0 - -5) + 4 + 0 + -4?
5
Evaluate -4 - ((6 + -3 - 0) + -3).
-4
Calculate (-5 + 0 - -8) + (-1 - 4).
-2
What is the value of -5 + 8 - (0 - 0 - -2)?
1
Evaluate -2 + (-3 - 1) - -10.
4
7 - 8 - (1 - (-2 + -1))
-5
What is the value of (-20 - -1) + 6 - -7?
-6
Evaluate (11 - (-3 - -8)) + -6.
0
(2 - -4) + -1 + -3
2
What is 0 - (5 - (7 - 0))?
2
Evaluate -2 - -4 - -5 - (-3 - -3).
7
What is -1 + 0 - (-20 - -16)?
3
What is the value of -9 + (0 - -2) + (-7 - -25)?
11
2 + 12 + -7 + 2 + -8
1
-1 + 2 + 3 + (2 - 13)
-7
Evaluate -11 + 3 + 6 + 5 + 3.
6
Calculate (-2 - -6 - 2) + -7.
-5
2 - (-7 - -3 - (2 + -12))
-4
5 + (-7 - -1) + -14 + 9
-6
-4 - ((-1 - (-5 + 4)) + 0)
-4
Evaluate 2 + (-2 - 0) - 5.
-5
What is the value of -1 + -1 + 2 + -10 + 5?
-5
What is -16 + 11 + -6 + 22?
11
What is the value of 3 - ((10 - 0) + 8 + -12)?
-3
8 - (10 + -7) - (0 - -1)
4
-34 + 32 + (-2 - -2)
-2
What is -15 + 7 + 2 + -2 + 6?
-2
What is the value of (4 - 4 - (-14 - -7)) + -12?
-5
Evaluate 16 + -10 + (5 - 7).
4
(7 - (5 - 2)) + (-7 - 2)
-5
9 - 6 - 5 - 0
-2
What is 4 + (6 - 4) + -6?
0
Calculate 3 + -3 + 5 + (7 - 13).
-1
Calculate -2 + (-2 - 1) + 3.
-2
What is 0 + (0 + 2 - (-32 + 29))?
5
-2 + 6 - -4 - (3 + 1)
4
What is the value of 3 - ((-6 - -7) + -1)?
3
-10 + 7 - (-4 + 7) - -12
6
What is the value of 15 + -20 + 0 + 2 - -1?
-2
1 + (5 - 4) + 3
5
Calculate -1 + -9 - (11 - -1 - 15).
-7
Calculate -26 - -21 - (-2 - 2).
-1
Evaluate